*z - h. List the prime factors of z.
2, 71
Let f be 2*(-1)/4 + (-82)/(-4). Suppose 4*h = -4*a + 104, 3*a - f = 3*h + 28. What are the prime factors of a?
3, 7
Suppose -4*x - 4*r + 1272 = 0, -x = -4*r + 35 - 333. List the prime factors of x.
2, 157
Suppose -2 = -2*u - 4*j, 5 - 3 = 2*j. Let g be (-2)/4*(-11 + u). List the prime factors of (g*1)/((-16)/(-72)).
3
Let t(k) = k**3 + 9*k**2 + 8*k + 15. Let f be t(-7). Let i be (3 - 40/12)*0. Suppose -2*q - 12 = -4*o - 6*q, 4*o - 5*q - f = i. List the prime factors of o.
2
Let i = 7717 + -2693. List the prime factors of i.
2, 157
Suppose 12*s = 13*s + 4. What are the prime factors of 2/s*2*(-18 + 3)?
3, 5
Suppose 2*d = 3*w + 12, 6*w - 6 = -d + w. Suppose 2*x = -0*x + d. Suppose 0 = -5*v + x*s + 29, 5*s - 1 = -4*v - 0. What are the prime factors of v?
2
Let t be 24/(-30)*(-1 + 6). Let r(y) = 3*y**2 - 7*y - 5. Let n be r(t). Suppose 0 = 2*b - b - n. List the prime factors of b.
71
Suppose -2*i - 15 = x, -i = x - 2*x - 6. Let z(t) = -t + 8. Let d be z(-9). Let c = x + d. What are the prime factors of c?
2
What are the prime factors of (-142919)/(-833) + -3*(-2)/14?
2, 43
Let h(i) = 8*i - 37. Let q(s) = -9*s + 38. Let v(f) = -3*h(f) - 2*q(f). List the prime factors of v(-15).
5
Let f(p) = p**3 + 20*p**2 + 40*p + 39. List the prime factors of f(-16).
3, 47
Let q = 4904 + -1724. What are the prime factors of q?
2, 3, 5, 53
Let f = -268 - -660. What are the prime factors of f?
2, 7
Let g = 684 - 400. Suppose -156 - g = -5*r. What are the prime factors of r?
2, 11
Suppose -6*s + 4486 = -6128. What are the prime factors of s?
29, 61
Let j = -13 + 15. Let o(f) = 2*f. Let t be o(j). Suppose -103 = t*q - 291. What are the prime factors of q?
47
Let s = 339 + 322. List the prime factors of s.
661
Suppose 0 = -i + 3*i, 4*i = 4*d - 1800. Suppose -3*f + d = 3*f. List the prime factors of f.
3, 5
Suppose z = -z. Suppose 6*q - 490 - 200 = z. List the prime factors of q.
5, 23
Suppose -29914 = -15*i - 8899. List the prime factors of i.
3, 467
Let o(h) = -h + 6. Let v be o(4). Suppose j = -v*j + 300. Suppose -4*i - 74 = -3*t, 4*i = -t + 5*t - j. What are the prime factors of t?
2, 13
Let k = -165 - -174. What are the prime factors of k?
3
Suppose -6633 - 5585 = -4*u + 5*f, 5*u - f - 15262 = 0. What are the prime factors of u?
2, 7, 109
Suppose -19 - 17 = 4*w. Let c = -10 - -11. List the prime factors of c + w/(-6)*2.
2
Suppose 0 = k + 2*k + 30. Let z = k + 12. Suppose -s = -4*s + 5*y + z, 3*s - 3*y = 12. What are the prime factors of s?
3
Suppose -3*h = -4*t - 10701, -7148 = -25*h + 23*h - 2*t. List the prime factors of h.
3571
Let x = -8 - -14. What are the prime factors of (-1420)/(-6) - (-3)/((-27)/x)?
2, 59
Let n be (-47)/(-2)*(-2)/(-1). Let y = n - 33. Suppose -4*a + y = 3*s - 62, -84 = -5*a - s. List the prime factors of a.
2
Suppose 2*d + 4*o + 533 = 1701, 3*d - 1752 = 5*o. What are the prime factors of (-12)/28 - d/(-7)?
83
Suppose 4*h = -0*h. Suppose -276 = -4*o - 4*n + 180, -4*n - 20 = h. Suppose -o - 91 = -5*l. List the prime factors of l.
2, 3, 7
Let h = -25 + 201. Let l = h - 99. What are the prime factors of l?
7, 11
Suppose 9*a - 10*a = 3*m - 27, -3*m + 60 = 2*a. Suppose 0 = -41*i + a*i + 992. What are the prime factors of i?
2, 31
Suppose -4*z + 356 = 3*y, 4*y - 4*z + 134 = 562. Let h = y - -108. What are the prime factors of h?
2, 5, 11
Let y(m) = 132*m**3 - m**2 - 2*m - 1. Let t be y(-1). List the prime factors of 5*t/10*-1.
2, 3, 11
Suppose 2*r - 5*b - 45 = 0, 3*b + b - 20 = -4*r. Suppose 4*w - r*w = -144. List the prime factors of w.
2, 3
Let p(u) = 4*u**3 + 8*u - 14. Let m be p(7). Suppose 21*g - m = 14*g. List the prime factors of g.
2, 101
List the prime factors of (-5832 + 0)/(38 + -40).
2, 3
Let r(h) be the first derivative of -h**4/2 + 2*h**3/3 - h**2/2 + h - 21. What are the prime factors of r(-3)?
2, 19
Let w be 3 - (-1 + 1/1). Let b be 4/((-1)/(1/2*-1)). Suppose -b*q = 8, -4*q = w*g - 52 - 22. List the prime factors of g.
2, 3, 5
Let l = -22 + 22. Suppose l = -6*y + 4*y + 16. List the prime factors of y.
2
Let y = -160 - -735. List the prime factors of y.
5, 23
List the prime factors of 1 + ((-5988)/(-9) - (-20)/(-15)).
5, 7, 19
Let c(f) = -f**3 - 1. Let l(w) = 4*w**3 + 8*w**2 + 7*w - 2. Let q(p) = 5*c(p) + l(p). Let b be q(6). Let j = b + -76. List the prime factors of j.
31
Suppose a = 2*v + 862, -5*a - 3*v + 4296 = -6*v. What are the prime factors of a?
2, 3, 11, 13
Suppose 499 + 362 = 3*s + 4*z, s - 287 = 3*z. List the prime factors of s.
7, 41
Let u be (4/10)/(1/(-35)). Let j(y) = -y - 9. Let a be j(u). Suppose 4*w + 4*x - 240 = 0, -3*x = a*w - 4*x - 294. List the prime factors of w.
59
Let n(u) = 10*u + 8. Suppose -4*y + 18 = -10. Let k be n(y). Suppose 3*h + k = 6*h. List the prime factors of h.
2, 13
List the prime factors of (1*(-6)/8)/(198/(-1028808)).
3, 433
Let v = -111 + 157. Let h = -29 + v. What are the prime factors of h?
17
Suppose 3*r + w = -w - 16, 0 = -2*r - 4*w - 8. Let f(b) = 3*b**2 + 1 + 7*b + 3*b**2 - 10*b**2 + b**3 + 8 - 2*b**3. List the prime factors of f(r).
3, 13
Let a = 296 - -232. What are the prime factors of a?
2, 3, 11
Suppose 2*c + 722 = -y, -9*c - 2116 = 3*y - 13*c. Let d(u) = -u**2 + 11*u + 4. Let w be d(9). List the prime factors of (-4)/w - y/44.
2
Let q = 153 + -105. Suppose -158 = -5*l - 0*r - 2*r, 0 = -2*l + 3*r + q. What are the prime factors of l?
2, 3, 5
Let g(m) = -m**2 - 28*m + 2. Let w = -15 - -1. What are the prime factors of g(w)?
2, 3, 11
Let j(d) = 13*d**2 - 62*d - 1. Let a(i) = -3*i**2 + 16*i. Let z(x) = 9*a(x) + 2*j(x). List the prime factors of z(19).
17
Let d(z) = 3*z**2 + 2*z - 38. List the prime factors of d(25).
3, 17, 37
Let j be -3 - 1*-6*3/6. Suppose j*a - 7*a = -980. What are the prime factors of a?
2, 5, 7
What are the prime factors of 20/80*(-1125 - 1)*-4?
2, 563
Let g(m) = 41*m**2 + 7*m - 12. What are the prime factors of g(-4)?
2, 7, 11
Let p = 5959 - 2768. List the prime factors of p.
3191
Let y = 2426 - 939. What are the prime factors of y?
1487
Let n = 106 - -505. List the prime factors of n.
13, 47
Suppose 8*n + 17 = -15. Let c(o) = o**3 + 7*o**2 - 2*o - 7. Let q be c(-7). Let s = q - n. List the prime factors of s.
11
Let c = -1 - 11. Let z(m) = m + 15. Let n be z(c). Suppose -5*a = n*o - 58, -2*a = -5*o + a + 142. List the prime factors of o.
2, 13
Let z(t) = 259*t**3 + t**2 - 3*t + 3. What are the prime factors of z(1)?
2, 5, 13
Let v = 17427 - 12389. What are the prime factors of v?
2, 11, 229
Suppose 30*a = 96*a - 132594. What are the prime factors of a?
7, 41
Let v(f) = -5*f - 2*f + 6 - f**2 - 2 - 1. Let b be v(-6). Suppose -4*d - b = 5*w - 223, 5*d - 290 = 5*w. List the prime factors of d.
2, 7
Suppose -3*r = 9*r - 2100. List the prime factors of r.
5, 7
Suppose 3*u - 1593 = l, -3*l + 1602 = 3*u - l. List the prime factors of u.
2, 7, 19
Let g be 28/(-8)*-10*1. Let c = 4 - g. Let i = -10 - c. What are the prime factors of i?
3, 7
Let y = -216 + 343. What are the prime factors of y?
127
Suppose 8*j = 19*j - 4631. List the prime factors of j.
421
Suppose -808 = -7*n + 711. What are the prime factors of n?
7, 31
Let c be (3 + 0)*(-1)/(-3). Let h = c - -5. Suppose 3*k + d + 15 = 8*k, h = 2*k + 2*d. List the prime factors of k.
3
Let n(u) = u - 1. Let b(x) = -x**3 + 8*x**2 + 8*x + 4. Let v(a) = b(a) - 4*n(a). Let z(w) = 9*w**2 + w - 2. Let s be z(1). List the prime factors of v(s).
2, 5
Suppose -9*f = 9*f - 43038. List the prime factors of f.
3, 797
Let b be (-444)/(-22) - (-6)/(-33). Let n(d) = d**2 - 11*d + 15. Let l be n(7). Let a = b + l. What are the prime factors of a?
7
Let i = -88 + 88. What are the prime factors of (-4)/6 - i - (-1100)/75?
2, 7
Let h be ((-735)/(-9))/(-7)*-21. Let i(r) = r**2 + 4*r - 3. Let l be i(-5). Suppose 0*o = -3*o, -5*j + l*o = -h. List the prime factors of j.
7
Let q(d) = -11*d + 7. Suppose -z - 3 + 0 = 0. List the prime factors of q(z).
2, 5
Let t(s) = 12*s**3 + 6*s - 73. List the prime factors of t(5).
31, 47
Suppose -8*r + 34630 - 8206 = 0. What are the prime factors of r?
3, 367
Let v = 1414 + -986. What are the prime factors of v?
2, 107
Let m(y) = -2*y**2 - 6*y - 1. Let x be m(-5). Let v = x + 23. List the prime factors of v.
2
Suppose -17 = 2*u + 79. List the prime factors of 